*i, 0 = -k - 3*k + i + 9. Calculate the remainder when 24 + 1 + -1 + 2 is divided by k/(-6)*84/(-2).
12
Let c = 230 - 121. What is the remainder when c is divided by 22?
21
Suppose -8*s - 85 + 589 = 0. Calculate the remainder when s is divided by 11.
8
Let t = 105 - 92. Calculate the remainder when 154 is divided by t.
11
Let v = 138 + -57. Calculate the remainder when v is divided by 21.
18
Suppose -4*k + o + 4*o = -12, -3*k + 4*o + 9 = 0. Let f = 10 - 3. Let x = k + f. What is the remainder when 28 is divided by x?
8
Let c = -80 + 93. What is the remainder when 102 is divided by c?
11
Let m(t) = t**2 - 10*t + 6. What is the remainder when 7 is divided by m(10)?
1
Suppose -3*w = -6*v + 3*v - 201, 3*w + 3*v = 189. Calculate the remainder when w is divided by (-51)/(-2)*2/3.
14
Suppose -u = -4 - 12. Let v = -2 + 4. Suppose 2*m = x + 57, 115 = 3*m - v*x + 31. What is the remainder when m is divided by u?
14
Let v(w) = -6*w**3 - w**2 - 2*w - 1. What is the remainder when 9 is divided by v(-1)?
3
Let v = -16 + 21. Suppose 0 = -2*i + v*i - 21. Calculate the remainder when 27 is divided by i.
6
Let u = 46 + -28. Let w = -7 + u. What is the remainder when 21 is divided by w?
10
Suppose -137 = -4*v - 5*x + 48, -10 = -2*x. Suppose 4*r = -r + 585. Calculate the remainder when r is divided by v.
37
Let p(q) = -2*q + 44. Calculate the remainder when 28 is divided by p(18).
4
Suppose -4*x - 2*z = -6*z - 44, -4*x = -z - 29. Suppose v - 22 = -6. What is the remainder when v is divided by x?
4
Suppose 4*a + a = 4*t - 17, -3*t - a - 11 = 0. What is the remainder when 0 + t - (-2 + -66) is divided by 17?
15
Let c(k) = -k**3 + 8*k**2 + 2*k - 12. Let w(o) = -o. Let j be w(-5). What is the remainder when 2/j + 48/5 is divided by c(8)?
2
Suppose o + 8 - 57 = 0. Suppose -3*j + o + 239 = 0. Calculate the remainder when j is divided by 33.
30
Let n = 6 + 0. What is the remainder when 21/(0 + 3/4) is divided by n?
4
Suppose -5*o - 5*r + 150 = 0, 4*r + r = 10. What is the remainder when 80 is divided by o?
24
Suppose 5*r - 4*m - 288 = r, -r - m + 74 = 0. Calculate the remainder when r is divided by 25.
23
Let m be 1/(3/(-9)) + 5. Let x = 15 - m. Calculate the remainder when (-1)/2 - (-51)/2 is divided by x.
12
Let n = 91 + -30. Calculate the remainder when n is divided by 16.
13
Let w(l) = -l**2 - 8*l - 7. Calculate the remainder when 6 is divided by w(-2).
1
Suppose -31 = -4*s + r, 4*s + r = -4*r + 37. Suppose 28 + 16 = 2*d. Let b = d - -1. What is the remainder when b is divided by s?
7
Suppose 4 + 5 = 3*w. Suppose -w*l + 4*d - 5*d = -53, -5*d = 2*l - 44. What is the remainder when l is divided by 9?
8
Calculate the remainder when ((-189)/15 - 3)*(-15)/6 is divided by 7.
4
Let a(y) = y**3 + 5*y**2 - 5*y + 8. Let w be a(-6). Suppose 0 = -3*d + w*t + 2, 3*t - 9 = -d + 10. Calculate the remainder when 5 is divided by d.
1
Let q(m) = -m**2 + m + 16. Suppose -3*z = -0*z + 12, 3*s = z + 22. Let g be (3 + (-15)/s)*0. What is the remainder when q(g) is divided by 6?
4
Suppose -g + 2*a - a = -54, 156 = 3*g - 5*a. Let w = 5 + 25. What is the remainder when g is divided by w?
27
Suppose -84 = -4*w - 2*o, -4*w = -0*w - o - 84. What is the remainder when w is divided by 6?
3
Suppose -3*s = -0*p - 3*p + 6, 0 = 3*p - s - 8. Suppose 3*t - 5*t - 4 = -5*h, 0 = -3*h + 3*t - 3. Calculate the remainder when p is divided by h.
1
Let q(f) be the third derivative of 7*f**6/120 + f**5/60 - f**4/24 + f**2. What is the remainder when 7 + -9 + (-1 - -23) is divided by q(1)?
6
Calculate the remainder when 12 is divided by ((-6)/(-9))/(8/60).
2
Let r be (-3 - 9)/(2/4). Let b = r - -45. What is the remainder when 60 is divided by b?
18
Let u be (-1)/((3 + 1)/(-48)). Let y = 26 - u. Calculate the remainder when 24 is divided by y.
10
Suppose 0*c - 9 = -3*c. Suppose -4*s + 23 = -k - c, 4*s = 3*k + 22. Calculate the remainder when 20 is divided by s.
6
Suppose y + 2 = -156. Let p be y/8 - 1/4. Let v = p + 48. What is the remainder when v is divided by 10?
8
Let g(y) = -y**3 - 4*y**2 + 6*y + 1. Let p be g(-5). Let n(j) = j**2 + 2*j + 4. What is the remainder when 21 is divided by n(p)?
9
Suppose 3*p - 12 = -0*p. Suppose -28 = -4*n - 4*o, -n - 1 = p*o - 8. Calculate the remainder when n is divided by 3.
1
Let b(h) = -h**2 - 15*h - 3. Calculate the remainder when b(-8) is divided by 11.
9
Suppose -p - 2*p = -243. Let k = -53 + p. Let a = k + -9. What is the remainder when a is divided by 10?
9
Let v(t) = -7*t + 4. Calculate the remainder when v(-4) is divided by 132/(-8)*(-6)/9.
10
Suppose v + 5*h - 39 = 0, 4*v + 3*h = 63 + 8. Let a(x) = 2*x - 19. What is the remainder when 1 + 16 + (-2 - 0) is divided by a(v)?
6
Suppose -5*y - 7 = -57. Suppose -4*k + 85 = k. Let i = k - 14. What is the remainder when y is divided by i?
1
Let w be ((-7)/2 + 3)*0. Suppose w*p = -2*p + 34. Calculate the remainder when 67 is divided by p.
16
Let m(j) = -2*j**3 - 4*j**2 - 3*j - 2. Let v = -20 + 35. Calculate the remainder when v is divided by m(-2).
3
Suppose 2*y - 1 = -9. What is the remainder when 10/(-3)*(-8 + y) is divided by 14?
12
Suppose -10 = 5*b, -2*c - 2*b + b = -52. Calculate the remainder when 79 is divided by c.
25
Calculate the remainder when -10*72/(-30)*7/4 is divided by 5.
2
Suppose 70 = 5*b + z - 5*z, 4*b - 15 = -5*z. What is the remainder when 29 is divided by b?
9
Let n(y) = -y**3 - y**2 - y - 27. Let w be n(0). Suppose 3*d = 4*c + 31 + 2, 2*d - 3*c - 22 = 0. What is the remainder when 1 + (1 - (-2 + w)) is divided by d?
9
Let t = 12 - 22. Calculate the remainder when (-1)/((-2)/124*2) is divided by -10*(28/t + 2).
7
Let f = -16 - -35. What is the remainder when f is divided by 10?
9
Let c = 37 - 33. What is the remainder when 5 is divided by c?
1
Calculate the remainder when 12 is divided by -2 + (-34)/(-5) - 1/(-5).
2
Suppose -28 = -2*r - 2. Suppose 1 = i - r. Let h = i - 6. What is the remainder when h is divided by 5?
3
Suppose -4*l = -3*l - 13. Calculate the remainder when 1 + 46 - 28/(-7) is divided by l.
12
Let u = 130 + -116. Calculate the remainder when 37 is divided by u.
9
Let r(p) = 6*p**2 + 1. Let j = 3 - -2. Suppose -14 = -j*d + 86. What is the remainder when d is divided by r(1)?
6
Let b(d) = d**2 + 3*d + 5. Let j = -20 + 12. Let a be b(j). Let m = -30 + a. What is the remainder when 44 is divided by m?
14
Let w = 71 + -50. What is the remainder when w is divided by 9?
3
Suppose 0 = o - 104 - 45. Suppose 0 = -4*u + 27 + o. Suppose 3*j = j + u. Calculate the remainder when j is divided by 12.
10
Let h(d) = d**2 - 19*d + 46. What is the remainder when h(19) is divided by 18?
10
Let o(a) = 2*a**2 - a - 4. Let c(m) = m**3 + 5*m**2 - 3*m - 9. Calculate the remainder when o(3) is divided by c(-5).
5
Suppose -4*l + l = p + 35, l + 4*p + 8 = 0. Let f = 57 + l. What is the remainder when f is divided by 16?
13
Let c = -10 + 28. Suppose -4*r + 35 = f, 0*r - 4*r = -3*f + 105. Calculate the remainder when f is divided by c.
17
Suppose -41*l = -37*l + 4. Let s(x) = 0 - 19*x + 0. What is the remainder when s(l) is divided by 7?
5
Suppose -2*z = 2*z. Let s be z/(3 + -1) - -21. What is the remainder when (-3)/12 - s/(-4) is divided by 2?
1
Suppose 3*d + 11 = -4. Let s = d + 1. Let v = s - -10. Calculate the remainder when 10 is divided by v.
4
Suppose 4*a - 5*p = 92, a - 2*p = 5*a - 120. What is the remainder when a is divided by 8?
4
Let r(c) = 2*c + 6. Let b be r(0). Let z(y) = -y**2 + 10*y + 6. What is the remainder when z(b) is divided by 11?
8
Let x(u) = -8*u + 4. Let z(w) = -w**2 - 25*w + 12. Let i(b) = 7*x(b) - 2*z(b). What is the remainder when i(5) is divided by 13?
11
Suppose a - 3*a - 5*p = -156, -p = -2*a + 180. Calculate the remainder when a is divided by 30.
28
Let p be 12/6 - 1*3. Calculate the remainder when 3 is divided by (-1 - -3) + 0/p.
1
Suppose -a + 5*h - 2*h = -11, 10 = -a - 4*h. What is the remainder when 31 is divided by a/2 + -3 + 10?
7
Suppose 5*t = 4*u - 32, u + 4*t - 36 = -7. Suppose 21 = -4*g - 5*n, -12 = -5*g + 4*n + u. Calculate the remainder when 15 is divided by (g/3)/(1/12).
3
Suppose 3*r - 13 - 22 = 5*g, -5*r - 65 = 4*g. Let f(i) = -i**2 - 12*i - 12. Let s = -11 + 14. Calculate the remainder when f(g) is divided by s.
2
Let g = 41 + -28. Let q = 0 + g. Calculate the